*3/3 + 21*k**2/2 - k - 4424. Give h(11).
-12
Let b(w) = -w**3 + 4*w**2 - w - 1. Suppose 3*j = j. Suppose j = 2*n + 1 - 29. Suppose 4*z = n*z - 20. Calculate b(z).
5
Let j(v) = 3*v - 21. Suppose 2*p = -2*z + 12, 4*p + 2*z = -250 + 274. Determine j(p).
-3
Let g(n) = 16*n + 22. Suppose 4*w + 90 = 82. Let a be g(w). Let q(l) = -l - 7. Determine q(a).
3
Let x(z) be the first derivative of -12*z**2 + 62*z + 3669. Give x(3).
-10
Let h(k) = k**2 + 4*k + 6. Let q be ((-18)/(-21))/(4/280). Suppose -80 + q = 4*y. What is h(y)?
11
Let r(d) = d**2 + 4*d + 3. Suppose 6*l + 46 = -338. Let p = 67 + l. Suppose 2*z = -p*s - 12, -z + 2*s = 5 + 1. Calculate r(z).
15
Let o(u) be the third derivative of u**5/120 - u**4/3 - 20*u**3/3 - 9*u**2 - 5*u. Let c(w) be the first derivative of o(w). Give c(3).
-5
Suppose 4*h + 4*f - 7 = 1, 5*h = -3*f + 18. Suppose 0 = 97*m - 100*m + h. Let q(c) = 9*c - 2. Let i(r) = r + 1. Let w(a) = 4*i(a) + q(a). Determine w(m).
28
Let g(x) = x**3 - 3*x**2 + 2*x - 1. Let u be g(2). Let r be u/((-1)/(1 - 2)). Let s be r/3 + 32/(-48). Let w(d) = -10*d**2. What is w(s)?
-10
Let k(c) = -42*c**2 + 13*c - 2. Let q(h) = 337*h**2 - 111*h + 16. Let o(u) = 17*k(u) + 2*q(u). Give o(-1).
-41
Let n(z) = z**2 - 8*z - 16. Let c be (-7)/(1/(-1)) - (188 + -191). Calculate n(c).
4
Let q(r) = -r**2 + 16*r - 4. Let p = 3196 + -3184. Calculate q(p).
44
Let f(b) be the second derivative of b**3/3 + 39*b**2/2 - 2559*b. What is f(-6)?
27
Let a(n) be the first derivative of n**2/2 - 5*n + 5. Let z(w) = -w**3 - 5*w**2 + 15*w + 3. Suppose 6*q - 6 = -48. Let y be z(q). What is a(y)?
-9
Let g(w) = -223*w + w**3 - 165*w - 221*w + 4 + 608*w - 4. Let s(o) = o**3 + 2*o**2 - 4*o - 3. Suppose 0 = q + 3*q + 12. Let t be s(q). What is g(t)?
0
Let m(u) be the third derivative of 0 + 0*u - 2*u**2 + 5/12*u**4 - 2*u**3 + 1/120*u**6 - 1/6*u**5. Let x(c) = -301*c + 2417. Let k be x(8). Give m(k).
-3
Let y(o) = 12*o + 4*o**2 - 5*o - 3*o**2 + 6 - 2*o. Let v be 0/((-8)/(-1))*(-2)/(-4). Give y(v).
6
Let c(w) = 8*w**3 + w**2 + 6*w. Let q(d) = 31*d**3 + 27*d**2 - 20*d + 65. Let j(r) = -4*c(r) + q(r). Calculate j(21).
23
Let r be (-3)/2*(-32)/(-12). Let p(z) be the second derivative of 1/20*z**5 + 1 - 2/3*z**3 + 1/2*z**2 + 75*z + 1/6*z**4. Determine p(r).
-15
Let g be 2/(-11) + 8344/154. Let s = g + -50. Suppose -12 = -2*a + 2*m, 2*m = a + 3*m - s. Let o(n) = -n**3 + 5*n**2 + n - 7. Calculate o(a).
-2
Let l = 2746 - 2750. Let b(m) = -m**3 - m**2 + 4*m + 6. Calculate b(l).
38
Let m(j) = 4*j + 4. Let i = 6641 + -6645. Calculate m(i).
-12
Let x(u) = -6*u + 6. Let n(k) = -k**2 + k + 1. Let z(l) = n(l) + x(l). Suppose -36 = 2*i - 212. Let g = i + -94. Give z(g).
1
Let g be 12/(-9) - (-2)/6. Let s(q) = -18*q**3 + 3*q**2 + 3*q + 12. Let i(v) = -105*v**3 + 17*v**2 + 17*v + 69. Let f(x) = -4*i(x) + 23*s(x). Give f(g).
-6
Let s(c) = c**2 + 12*c - 18. Let n(v) = v**2 + 6*v - 37. Let g be n(4). Suppose -2*i - 20 + g = -3*b, -i - 1 = -4*b. Give s(i).
-5
Suppose r - 15 = -13. Let g(w) = 189 - 96 - w**r - 96 + 2*w. Suppose -5*x + 2*d + 15 = 0, 0*d = x + 4*d - 25. Determine g(x).
-18
Let m(w) be the second derivative of w**4/12 + 2*w**3/3 - 41*w**2/2 + 21*w. Let i(g) be the first derivative of m(g). What is i(-8)?
-12
Let m(q) = q**2 + 14*q + 22. Let f(l) = -l**3 + 38*l**2 - 35*l - 86. Let o be f(37). Calculate m(o).
-2
Let j(n) be the first derivative of 5*n**2 - 84*n + 2483. Calculate j(7).
-14
Let w(a) = -130*a + 93. Let j(b) = -27*b + 22. Let c(s) = 9*j(s) - 2*w(s). Calculate c(5).
97
Let n(l) be the third derivative of -l**4/8 - 13*l**3/6 - 4090*l**2. Give n(4).
-25
Let p(w) = 9*w**2 - 37*w - 105. Let g be p(6). Let y(t) = 3*t**3 + 5*t**2 + t - 2. What is y(g)?
-41
Let g = 27256 - 27250. Let s(b) = -14*b - 31. Give s(g).
-115
Suppose 0 = -5*v + 4*o - 3*o + 204, 0 = -2*v - 2*o + 72. Suppose -2*l + 3*l = v. Suppose 6*a + 2 = -l. Let d(m) = m + 10. Give d(a).
3
Let b(c) = -38*c**2 + 103*c - 368. Let m(n) = -2*n**2 - 2*n - 2. Let a(r) = b(r) - 18*m(r). Calculate a(67).
3
Let r be 3 - ((3 - 5)*-1 - 2). Suppose -2 = r*w - 8. Let p(q) = 5 - 6 + 11*q**2 + w + 5*q**2. Give p(1).
17
Suppose q - 4*y = -8, 0 = q - 8*y + 2 + 2. Let p(l) = -l + 6. What is p(q)?
18
Let a(k) = 56*k**2 + 7*k - 14. Let j be a(3). Let n = j - 513. Let h(b) = b**3 + b**2 + 3*b + 2. Determine h(n).
-8
Let l(u) = -u**3 - 17*u**2 - 3*u - 48. Suppose -c - 72 = -69*g + 73*g, -g - 5 = -3*c. Determine l(g).
3
Let l = -220 - -223. Let h(i) = 1 - 21*i + 15*i**l + i**2 + 22*i + 10*i**3 - 12*i**3. What is h(-1)?
-12
Let g be (1/(-2 + 3))/(-3 - -2). Let t be 48/(-16) + g + 8. Let o(u) = -u + 10. What is o(t)?
6
Suppose -4*k - 4 = 20. Let u(f) = -15*f - 52. Let q(z) = -3*z - 10. Let m(n) = 11*q(n) - 2*u(n). Determine m(k).
12
Let c(k) = -k**2 + 12*k - 10. Let t = -88 + -408. Let i = t + 508. Determine c(i).
-10
Let f(m) = 21*m**3 + 52*m**2 - 56*m + 218. Let g(n) = 5*n**3 + 13*n**2 - 14*n + 53. Let b(k) = -6*f(k) + 25*g(k). Give b(12).
-7
Let t be 6/102 - 3796/1241. Let m(a) = a**2 - 4*a - 29. Calculate m(t).
-8
Let j(d) = -d**3 + 12*d**2 - 17*d - 31. Let t be j(10). Let b(u) = -1. Let w(y) = y**3 - y**2 + 2*y - 4. Let f(m) = t*w(m) + 5*b(m). Give f(0).
-1
Let z(u) = -8*u - 3. Suppose 0 = -3*b + b - 2*v - 4, -5*b = 3*v. Suppose -1 = -2*q - 5*w, 0 = b*q + q - 2*w - 62. Suppose q*p = 14*p + 2. Determine z(p).
13
Let f be (-1036)/21 + (-4)/(-3). Let s be (2*-6)/3 + f. Let b = 43 + s. Let z(h) = 2*h + 12. Determine z(b).
-6
Let g = -27776 + 27770. Let w(d) = -d**2 - 8*d - 34. Determine w(g).
-22
Let y(u) = -u**3 + 10*u**2 - 16*u + 7. Let q(t) = -t. Let a(s) = -6*q(s) + y(s). Suppose 12 = 18*v - 24. Let w be (13 - 2/v)*(-24)/(-32). Give a(w).
-2
Let z(p) = -106*p**2 + 23*p - 3. Let v(a) = 141*a**2 - 21*a + 4. Let i(m) = 3*v(m) + 4*z(m). Determine i(0).
0
Let l(n) be the third derivative of n**3 + 0 - 1/360*n**6 + 0*n + 1/8*n**4 + n**2 - 1/30*n**5. Let u(c) be the first derivative of l(c). Give u(-6).
-9
Let i(v) = -2*v**2 + 16*v - 16. Suppose -23*n + 10 = -22*n. Suppose -18*t + n*t = -56. What is i(t)?
-2
Let t(z) = 11*z**2 - 29*z - 11. Let f(w) be the third derivative of w**5/12 - 7*w**4/12 - 5*w**3/6 + 44*w**2. Let i(k) = 13*f(k) - 6*t(k). Determine i(-9).
-8
Let g(w) be the first derivative of -w**4/4 + 2*w**3/3 + w**2 - 5*w - 488. Let m = -66 - -70. Calculate g(m).
-29
Let h(a) = -a**3 - a. Let b(o) = -387*o**2 + o**3 + 196*o**2 + o + 190*o**2. Let q(v) = 5*b(v) + 6*h(v). Calculate q(-5).
5
Suppose 16*f - 17*f - 10 = 3*j, j - 5*f + 14 = 0. Let q(d) = -2*d**2 - 5*d + 2. What is q(j)?
-10
Let o(g) be the first derivative of -3*g - 101 + 1/4*g**4 + 0*g**2 + 7/3*g**3. Calculate o(-7).
-3
Let d(j) = -69 + 130 + 3*j - 54 + j**2. Determine d(-3).
7
Let n(f) = -119 - 66 - 16*f + 143. Calculate n(-4).
22
Let u(l) = -l**3 - 4*l**2 + 6*l - 9. Let a = 765 + -771. Determine u(a).
27
Let l(j) be the second derivative of -1/3*j**3 - 21 - 1/20*j**5 - 3*j**2 - 5*j + 7/12*j**4. Give l(6).
18
Let w(y) be the first derivative of 46*y**2 + 59*y + 108 - 18*y - 47*y**2. Give w(18).
5
Let x(y) = -y. Let c(q) = q + 2. Suppose 0 = 2*r - 5 - 1. Let n(h) = r*x(h) + c(h). Let k = -7702 - -7699. Determine n(k).
8
Suppose 2*x - 48 = -5*y, -4*y + 106 = -6*x + 60. Let w(q) = q**2 - 4*q - 21. Calculate w(y).
39
Suppose 4*w + 13 = 3*m, m - 1 = 2*m. Let k(l) = l**3 - 31*l + 46*l - 8 + 5 - 24*l + 10*l**2 - 5*l**2 + 12*l. What is k(w)?
1
Let l(u) = -25*u - 148. Let y be l(-6). Let x(g) = 8*g + 7*g**y - 216 - 5*g**2 + 203 - g**2. Calculate x(-10).
7
Let d be (-3)/(-5) + 29/(1450/220). Let s(f) = -f**3 + 5*f**2 + 6*f + 3. Calculate s(d).
33
Let z(w) be the third derivative of -7*w**4/24 - w**3/2 - 3*w**2. Let c(k) = k - 8. Let p be c(4). Let j be 3/(-6) + 2/p + -1. What is z(j)?
11
Let d(a) = -6 + 3 + 19*a + 4. Let w(k) = k**2 - 9*k - 23. Let p be 80/7 + (-270)/42 + 6. Let r be w(p). Give d(r).
-18
Let h(m) be the second derivative of -m**4/12 - 11*m**3/3 - 12*m**2 + 60*m - 13. What is h(-19)?
33
Let l(r) be the second derivative of 2/3*r**4 + 0 + 109*r + 11/2*r**2 - 4/3*r**3 + 1/20*r**5. What is l(-9)?
2
Let y(d) be the third derivative of -d**8/20160 + d**7/252 - d**6/144 + 4*d**5/3 + d**3/6 + 56*d**2. Let b(z) be the third derivative of y(z). What is b(20)?
-5
Let u(t) = 3*t + 1. S